{"id":52,"date":"2018-09-11T13:48:38","date_gmt":"2018-09-11T11:48:38","guid":{"rendered":"http:\/\/www.holz-pfoser.at\/ulrichsberg\/?page_id=52"},"modified":"2024-04-25T10:33:04","modified_gmt":"2024-04-25T08:33:04","slug":"gutschein","status":"publish","type":"page","link":"https:\/\/www.holz-pfoser.at\/ulrichsberg\/gutschein\/","title":{"rendered":"gutschein"},"content":{"rendered":"<div id='layer_slider_1'  class='avia-layerslider main_color avia-shadow  avia-builder-el-0  el_before_av_heading  avia-builder-el-first  container_wrap fullsize'  style='height: 351px; max-width: 1500px; margin: 0 auto;'  ><\/div><div id='after_layer_slider_1'  class='main_color av_default_container_wrap container_wrap fullsize'  ><div class='container av-section-cont-open' ><div class='template-page content  av-content-full alpha units'><div class='post-entry post-entry-type-page post-entry-52'><div class='entry-content-wrapper clearfix'>\n\n<style type=\"text\/css\" data-created_by=\"avia_inline_auto\" id=\"style-css-av-2gp4-6c29fd0891c9a55c8c9aa898058d0de9\">\n#top .av-special-heading.av-2gp4-6c29fd0891c9a55c8c9aa898058d0de9{\npadding-bottom:10px;\n}\nbody .av-special-heading.av-2gp4-6c29fd0891c9a55c8c9aa898058d0de9 .av-special-heading-tag .heading-char{\nfont-size:25px;\n}\n.av-special-heading.av-2gp4-6c29fd0891c9a55c8c9aa898058d0de9 .av-subheading{\nfont-size:15px;\n}\n<\/style>\n<div  class='av-special-heading av-2gp4-6c29fd0891c9a55c8c9aa898058d0de9 av-special-heading-h1 blockquote modern-quote  avia-builder-el-1  el_after_av_layerslider  el_before_av_section  avia-builder-el-no-sibling '><h1 class='av-special-heading-tag'  itemprop=\"headline\"  >GUTSCHEINE VON HOLZ PFOSER<\/h1><div class=\"special-heading-border\"><div class=\"special-heading-inner-border\"><\/div><\/div><\/div>\n<\/div><\/div><\/div><!-- close content main div --><\/div><\/div><div id='av_section_1'  class='avia-section av-jlxoobce-9cdfadf9e9b78ffb63e36a92a692a21d main_color avia-section-no-padding avia-no-border-styling  avia-builder-el-2  el_after_av_heading  el_before_av_hr  avia-bg-style-scroll container_wrap fullsize'  ><div class='container av-section-cont-open' ><div class='template-page content  av-content-full alpha units'><div class='post-entry post-entry-type-page post-entry-52'><div class='entry-content-wrapper clearfix'>\n<div class='flex_column_table av-jlxopdh0-ea419596ca97d1fd3b0c7c435fd5181f sc-av_three_fifth av-equal-height-column-flextable'>\n<style type=\"text\/css\" data-created_by=\"avia_inline_auto\" id=\"style-css-av-jlxopdh0-ea419596ca97d1fd3b0c7c435fd5181f\">\n.flex_column.av-jlxopdh0-ea419596ca97d1fd3b0c7c435fd5181f{\n-webkit-border-radius:0px 0px 0px 0px;\n-moz-border-radius:0px 0px 0px 0px;\nborder-radius:0px 0px 0px 0px;\npadding:0px 2px 0px 0px;\n}\n<\/style>\n<div class='flex_column av-jlxopdh0-ea419596ca97d1fd3b0c7c435fd5181f av_three_fifth  avia-builder-el-3  el_before_av_two_fifth  avia-builder-el-first  first flex_column_table_cell av-equal-height-column av-align-top '     ><p><section  class='av_textblock_section av-jlxntfks-cf25e28c8e2fc763ffa76e850bea8e3c'  itemscope=\"itemscope\" itemtype=\"https:\/\/schema.org\/CreativeWork\" ><div class='avia_textblock'  itemprop=\"text\" ><p>Geschenkgutscheine von Holz Pfoser sind nicht nur f\u00fcr H\u00e4uslbauer und Bauherrn ein tolles Geschenk sondern auch f\u00fcr Kurzentschlossene die\u00a0 ihren Lieben Freude bereiten wollen. Der Betrag ist frei w\u00e4hlbar, der Gutschein ist in ein ansprechendes Kuvert &#8218;verpackt&#8216;.<\/p>\n<p>Sollten Sie aus irgend einem Grund nicht die\u00a0M\u00f6glichkeit haben Gutscheine pers\u00f6nlich bei uns abzuholen, schicken wir Ihnen diese gerne\u00a0per Post\u00a0zu.<\/p>\n<\/div><\/section><br \/>\n\n<style type=\"text\/css\" data-created_by=\"avia_inline_auto\" id=\"style-css-av-jm0hcgvm-95ea95534b32253b08930c525702ccf1\">\n#top .hr.hr-invisible.av-jm0hcgvm-95ea95534b32253b08930c525702ccf1{\nheight:30px;\n}\n<\/style>\n<div  class='hr av-jm0hcgvm-95ea95534b32253b08930c525702ccf1 hr-invisible  avia-builder-el-5  el_after_av_textblock  el_before_av_contact '><span class='hr-inner '><span class=\"hr-inner-style\"><\/span><\/span><\/div><br \/>\n<form action=\"https:\/\/www.holz-pfoser.at\/ulrichsberg\/gutschein\/\" method=\"post\"  class=\"avia_ajax_form av-form-labels-visible   avia-builder-el-6  el_after_av_hr  avia-builder-el-last   \" data-avia-form-id=\"1\" data-avia-redirect='' ><fieldset><p class='  first_form  form_element form_element_half' id='element_avia_1_1'><label for=\"avia_1_1\">Vorname \/ Nachname <abbr class=\"required\" title=\"ben\u00f6tigt\">*<\/abbr><\/label> <input name=\"avia_1_1\" class=\"text_input is_empty\" type=\"text\" id=\"avia_1_1\" value=\"\" \/><\/p><p class='  form_element form_element_half' id='element_avia_2_1'><label for=\"avia_2_1\">Stra\u00dfe Nr. \/ Postleitzahl Ort <abbr class=\"required\" title=\"ben\u00f6tigt\">*<\/abbr><\/label> <input name=\"avia_2_1\" class=\"text_input is_empty\" type=\"text\" id=\"avia_2_1\" value=\"\" \/><\/p><p class='  first_form  form_element form_element_half' id='element_avia_3_1'><label for=\"avia_3_1\">E-Mail <abbr class=\"required\" title=\"ben\u00f6tigt\">*<\/abbr><\/label> <input name=\"avia_3_1\" class=\"text_input is_email\" type=\"text\" id=\"avia_3_1\" value=\"\" \/><\/p><p class='  form_element form_element_half' id='element_avia_4_1'><label for=\"avia_4_1\">Telefonnummer<\/label> <input name=\"avia_4_1\" class=\"text_input \" type=\"text\" id=\"avia_4_1\" value=\"\" \/><\/p><p class='  first_form  form_element form_element_fourth' id='element_avia_5_1'><label for=\"avia_5_1\">Betrag in Euro <abbr class=\"required\" title=\"ben\u00f6tigt\">*<\/abbr><\/label> <input name=\"avia_5_1\" class=\"text_input is_empty\" type=\"text\" id=\"avia_5_1\" value=\"\" \/><\/p><p class='  form_element form_element_three_fourth' id='element_avia_6_1'><label for=\"avia_6_1\" class=\"textare_label hidden textare_label_avia_6_1\">Anmerkung<\/label><textarea  name=\"avia_6_1\" class=\"text_area \" cols=\"40\" rows=\"7\" id=\"avia_6_1\" ><\/textarea><\/p><p class='  first_form  form_element form_element_half' id='element_avia_7_1'><input  name=\"avia_7_1\" class=\"input_checkbox is_empty\" type=\"checkbox\" id=\"avia_7_1\" value=\"true\"\/><label class=\"input_checkbox_label\" for=\"avia_7_1\"><a href=\"http:\/\/www.holz-pfoser.at\/ulrichsberg\/kontakt-impressum\/\">Datenschutzrichtlinie gelesen<\/a> <abbr class=\"required\" title=\"ben\u00f6tigt\">*<\/abbr><\/label><\/p><p class=\"hidden\"><input type=\"text\" name=\"avia_8_1\" class=\"hidden \" id=\"avia_8_1\" value=\"\" \/><\/p><p class=' form_element_half  form_element form_fullwidth' id='element_avia_9_1'><span class='value_verifier_label'>4 + 0 = ?<\/span><input name=\"avia_9_1_verifier\" type=\"hidden\" id=\"avia_9_1_verifier\" value=\"724765452\"\/><label for=\"avia_9_1\">Bitte l\u00f6se die Gleichung. Diese Ma\u00dfnahme dient der Abwehr von Spam <abbr class=\"required\" title=\"ben\u00f6tigt\">*<\/abbr><\/label><input name=\"avia_9_1\" class=\"text_input captcha\" type=\"text\" id=\"avia_9_1\" value=\"\"\/><\/p><p class=\"form_element \"><input type=\"hidden\" value=\"1\" name=\"avia_generated_form1\" \/><input type=\"submit\" value=\"BESTELLEN\" class=\"button\"  data-sending-label=\"Sende\"\/><\/p><\/fieldset><\/form><div id=\"ajaxresponse_1\" class=\"ajaxresponse ajaxresponse_1 hidden\"><\/div><\/p><\/div><div class='av-flex-placeholder'><\/div>\n<style type=\"text\/css\" data-created_by=\"avia_inline_auto\" id=\"style-css-av-jlxove2u-9fb321d981c68b4402f45b465f3d0ab6\">\n.flex_column.av-jlxove2u-9fb321d981c68b4402f45b465f3d0ab6{\n-webkit-border-radius:0px 0px 0px 0px;\n-moz-border-radius:0px 0px 0px 0px;\nborder-radius:0px 0px 0px 0px;\npadding:0px 2px 0px 0px;\n}\n<\/style>\n<div class='flex_column av-jlxove2u-9fb321d981c68b4402f45b465f3d0ab6 av_two_fifth  avia-builder-el-7  el_after_av_three_fifth  avia-builder-el-last  flex_column_table_cell av-equal-height-column av-align-top '     ><p>\n<style type=\"text\/css\" data-created_by=\"avia_inline_auto\" id=\"style-css-av-jm1s4ryz-21d7a58a58fbaa70ee964259b3922e2d\">\n.avia-image-container.av-jm1s4ryz-21d7a58a58fbaa70ee964259b3922e2d img.avia_image{\nbox-shadow:none;\n}\n.avia-image-container.av-jm1s4ryz-21d7a58a58fbaa70ee964259b3922e2d .av-image-caption-overlay-center{\ncolor:#ffffff;\n}\n<\/style>\n<div  class='avia-image-container av-jm1s4ryz-21d7a58a58fbaa70ee964259b3922e2d av-styling- avia-align-center  avia-builder-el-8  el_before_av_hr  avia-builder-el-first '   itemprop=\"image\" itemscope=\"itemscope\" itemtype=\"https:\/\/schema.org\/ImageObject\" ><div class=\"avia-image-container-inner\"><div class=\"avia-image-overlay-wrap\"><a href=\"https:\/\/www.holz-pfoser.at\/ulrichsberg\/wp-content\/uploads\/2018\/09\/gutscheine-1030x687.jpg\" data-srcset=\"https:\/\/www.holz-pfoser.at\/ulrichsberg\/wp-content\/uploads\/2018\/09\/gutscheine-1030x687.jpg 1030w, https:\/\/www.holz-pfoser.at\/ulrichsberg\/wp-content\/uploads\/2018\/09\/gutscheine-300x200.jpg 300w, https:\/\/www.holz-pfoser.at\/ulrichsberg\/wp-content\/uploads\/2018\/09\/gutscheine-768x512.jpg 768w, https:\/\/www.holz-pfoser.at\/ulrichsberg\/wp-content\/uploads\/2018\/09\/gutscheine.jpg 1500w, https:\/\/www.holz-pfoser.at\/ulrichsberg\/wp-content\/uploads\/2018\/09\/gutscheine-705x470.jpg 705w, https:\/\/www.holz-pfoser.at\/ulrichsberg\/wp-content\/uploads\/2018\/09\/gutscheine-450x300.jpg 450w\" data-sizes=\"(max-width: 1030px) 100vw, 1030px\" class='avia_image' ><img decoding=\"async\" class='wp-image-184 avia-img-lazy-loading-not-184 avia_image ' src=\"https:\/\/www.holz-pfoser.at\/ulrichsberg\/wp-content\/uploads\/2018\/09\/gutscheine.jpg\" alt='' title='gutscheine'  height=\"1000\" width=\"1500\"  itemprop=\"thumbnailUrl\" srcset=\"https:\/\/www.holz-pfoser.at\/ulrichsberg\/wp-content\/uploads\/2018\/09\/gutscheine.jpg 1500w, https:\/\/www.holz-pfoser.at\/ulrichsberg\/wp-content\/uploads\/2018\/09\/gutscheine-300x200.jpg 300w, https:\/\/www.holz-pfoser.at\/ulrichsberg\/wp-content\/uploads\/2018\/09\/gutscheine-768x512.jpg 768w, https:\/\/www.holz-pfoser.at\/ulrichsberg\/wp-content\/uploads\/2018\/09\/gutscheine-1030x687.jpg 1030w, https:\/\/www.holz-pfoser.at\/ulrichsberg\/wp-content\/uploads\/2018\/09\/gutscheine-705x470.jpg 705w, https:\/\/www.holz-pfoser.at\/ulrichsberg\/wp-content\/uploads\/2018\/09\/gutscheine-450x300.jpg 450w\" sizes=\"(max-width: 1500px) 100vw, 1500px\" \/><\/a><\/div><\/div><\/div><br \/>\n\n<style type=\"text\/css\" data-created_by=\"avia_inline_auto\" id=\"style-css-av-jm1sfblt-b6af18f70b8d9c6bedaaf85bb46ff96b\">\n#top .hr.hr-invisible.av-jm1sfblt-b6af18f70b8d9c6bedaaf85bb46ff96b{\nheight:30px;\n}\n<\/style>\n<div  class='hr av-jm1sfblt-b6af18f70b8d9c6bedaaf85bb46ff96b hr-invisible  avia-builder-el-9  el_after_av_image  el_before_av_textblock '><span class='hr-inner '><span class=\"hr-inner-style\"><\/span><\/span><\/div><br \/>\n\n<style type=\"text\/css\" data-created_by=\"avia_inline_auto\" id=\"style-css-av-jlxntfks-b9c674e375bd4181827e3577c061e0da\">\n#top .av_textblock_section.av-jlxntfks-b9c674e375bd4181827e3577c061e0da .avia_textblock{\nfont-size:13px;\n}\n<\/style>\n<section  class='av_textblock_section av-jlxntfks-b9c674e375bd4181827e3577c061e0da'  itemscope=\"itemscope\" itemtype=\"https:\/\/schema.org\/CreativeWork\" ><div class='avia_textblock'  itemprop=\"text\" ><p><strong>Und so gehts:<\/strong><br \/>\nFormular vollst\u00e4ndig ausf\u00fcllen, gew\u00fcnschten Betrag einsetzen und abschicken. Sie erhalten automatisch generiert eine Best\u00e4tigungsmail. Bitte \u00fcberweisen Sie vorweg den bestellten Betrag auf unten angef\u00fchrtes Konto. Sobald dieser auf unserem Konto aufscheint, verschicken wir noch am selben Tag Ihre Gutscheine inklusive Rechnung.<\/p>\n<p><strong>Oder:<\/strong><br \/>\neinfach bei uns vorbeikommen, bar bezahlen und Geschenkgutschein mitnehmen<\/p>\n<p>* Pflichtfeld<\/p>\n<\/div><\/section><br \/>\n\n<style type=\"text\/css\" data-created_by=\"avia_inline_auto\" id=\"style-css-av-jm1sfblt-b6af18f70b8d9c6bedaaf85bb46ff96b\">\n#top .hr.hr-invisible.av-jm1sfblt-b6af18f70b8d9c6bedaaf85bb46ff96b{\nheight:30px;\n}\n<\/style>\n<div  class='hr av-jm1sfblt-b6af18f70b8d9c6bedaaf85bb46ff96b hr-invisible  avia-builder-el-11  el_after_av_textblock  el_before_av_textblock '><span class='hr-inner '><span class=\"hr-inner-style\"><\/span><\/span><\/div><br \/>\n\n<style type=\"text\/css\" data-created_by=\"avia_inline_auto\" id=\"style-css-av-jlxntfks-b9c674e375bd4181827e3577c061e0da\">\n#top .av_textblock_section.av-jlxntfks-b9c674e375bd4181827e3577c061e0da .avia_textblock{\nfont-size:13px;\n}\n<\/style>\n<section  class='av_textblock_section av-jlxntfks-b9c674e375bd4181827e3577c061e0da'  itemscope=\"itemscope\" itemtype=\"https:\/\/schema.org\/CreativeWork\" ><div class='avia_textblock'  itemprop=\"text\" ><p><strong>Kontodaten<\/strong><br \/>\nRaiffeisenbank Region Rohrbach: IBAN: AT52 3441 0000 0761 3334 , BIC: RZOOAT2L410<br \/>\nSparkasse M\u00fchlviertel West: IBAN: AT27 2033 4035 0000 6204 , BIC: SMWRAT21<\/p>\n<\/div><\/section><\/p><\/div><\/div><!--close column table wrapper. Autoclose: 1 -->\n<\/div><\/div><\/div><!-- close content main div --><\/div><\/div><div id='after_section_1'  class='main_color av_default_container_wrap container_wrap fullsize'  ><div class='container av-section-cont-open' ><div class='template-page content  av-content-full alpha units'><div class='post-entry post-entry-type-page post-entry-52'><div class='entry-content-wrapper clearfix'>\n\n<style type=\"text\/css\" data-created_by=\"avia_inline_auto\" id=\"style-css-av-jm0hcgvm-04762bcbdbe7ce93bc2a079e67c61df2\">\n#top .hr.hr-invisible.av-jm0hcgvm-04762bcbdbe7ce93bc2a079e67c61df2{\nheight:5px;\n}\n<\/style>\n<div  class='hr av-jm0hcgvm-04762bcbdbe7ce93bc2a079e67c61df2 hr-invisible  avia-builder-el-13  el_after_av_section  el_before_av_layout_row  avia-builder-el-no-sibling '><span class='hr-inner '><span class=\"hr-inner-style\"><\/span><\/span><\/div>\n<\/div><\/div><\/div><!-- close content main div --><\/div><\/div><div id='av-layout-grid-1'  class='av-layout-grid-container av-jm0e74bo-66a45ab7fde35fd6ff0a704d3f789e58 entry-content-wrapper main_color av-flex-cells  avia-builder-el-14  el_after_av_hr  avia-builder-el-last  av-cell-min-height av-cell-min-height-25 grid-row-not-first  container_wrap fullsize'   data-av_minimum_height_pc='25'>\n\n<style type=\"text\/css\" data-created_by=\"avia_inline_auto\" id=\"style-css-av-12evy-0ca9f28fb1e655dccb68920a127beb24\">\n.flex_cell.av-12evy-0ca9f28fb1e655dccb68920a127beb24{\nvertical-align:top;\n}\n.responsive #top #wrap_all .flex_cell.av-12evy-0ca9f28fb1e655dccb68920a127beb24{\npadding:0px 0px 0px 0px !important;\n}\n<\/style>\n<div class='flex_cell av-12evy-0ca9f28fb1e655dccb68920a127beb24 av-gridrow-cell av_one_full no_margin  avia-builder-el-15  avia-builder-el-no-sibling  av-zero-padding' ><div class='flex_cell_inner'><div  class='av_gmaps_sc_main_wrap av_gmaps_main_wrap '><div id='av_gmap_0' class='avia-google-map-container avia-google-map-sc av_gmaps_show_unconditionally av-no-fallback-img ' data-mapid='av_gmap_0'  style='height: 400px;'><a class=\"av_gmaps_browser_disabled av_text_confirm_link av_text_confirm_link_visible\" href=\"https:\/\/www.google.com\/maps\/search\/?api=1&#038;query=Hintenberg%2057%204161%20Ulrichsberg%20\u00d6sterreich\" target=\"_blank\" rel=\"noopener\">Aufgrund deiner Datenschutz-Einstellungen k\u00f6nnen wir Ihnen die Karte nicht anzeigen. Klicken Sie hier, um die Karte in einem neuen Fenster zu \u00f6ffnen.<\/a><\/div><\/div>\n<\/div><\/div><\/div>\n","protected":false},"excerpt":{"rendered":"","protected":false},"author":1,"featured_media":0,"parent":0,"menu_order":0,"comment_status":"closed","ping_status":"closed","template":"","meta":{"footnotes":""},"_links":{"self":[{"href":"https:\/\/www.holz-pfoser.at\/ulrichsberg\/wp-json\/wp\/v2\/pages\/52"}],"collection":[{"href":"https:\/\/www.holz-pfoser.at\/ulrichsberg\/wp-json\/wp\/v2\/pages"}],"about":[{"href":"https:\/\/www.holz-pfoser.at\/ulrichsberg\/wp-json\/wp\/v2\/types\/page"}],"author":[{"embeddable":true,"href":"https:\/\/www.holz-pfoser.at\/ulrichsberg\/wp-json\/wp\/v2\/users\/1"}],"replies":[{"embeddable":true,"href":"https:\/\/www.holz-pfoser.at\/ulrichsberg\/wp-json\/wp\/v2\/comments?post=52"}],"version-history":[{"count":11,"href":"https:\/\/www.holz-pfoser.at\/ulrichsberg\/wp-json\/wp\/v2\/pages\/52\/revisions"}],"predecessor-version":[{"id":300,"href":"https:\/\/www.holz-pfoser.at\/ulrichsberg\/wp-json\/wp\/v2\/pages\/52\/revisions\/300"}],"wp:attachment":[{"href":"https:\/\/www.holz-pfoser.at\/ulrichsberg\/wp-json\/wp\/v2\/media?parent=52"}],"curies":[{"name":"wp","href":"https:\/\/api.w.org\/{rel}","templated":true}]}}