{"id":22,"date":"2018-09-11T08:12:57","date_gmt":"2018-09-11T06:12:57","guid":{"rendered":"http:\/\/www.holz-pfoser.at\/ulrichsberg\/?page_id=22"},"modified":"2024-04-25T10:36:59","modified_gmt":"2024-04-25T08:36:59","slug":"willkommen","status":"publish","type":"page","link":"https:\/\/www.holz-pfoser.at\/ulrichsberg\/","title":{"rendered":"willkommen"},"content":{"rendered":"<div id='layer_slider_1'  class='avia-layerslider main_color avia-shadow  avia-builder-el-0  el_before_av_heading  avia-builder-el-first  container_wrap fullsize'  style='height: 351px; max-width: 1500px; margin: 0 auto;'  ><\/div><div id='after_layer_slider_1'  class='main_color av_default_container_wrap container_wrap fullsize'  ><div class='container av-section-cont-open' ><div class='template-page content  av-content-full alpha units'><div class='post-entry post-entry-type-page post-entry-22'><div class='entry-content-wrapper clearfix'>\n\n<style type=\"text\/css\" data-created_by=\"avia_inline_auto\" id=\"style-css-av-nmk2-1f08540f1028be137168fc61d6634d02\">\n#top .av-special-heading.av-nmk2-1f08540f1028be137168fc61d6634d02{\npadding-bottom:10px;\n}\nbody .av-special-heading.av-nmk2-1f08540f1028be137168fc61d6634d02 .av-special-heading-tag .heading-char{\nfont-size:25px;\n}\n.av-special-heading.av-nmk2-1f08540f1028be137168fc61d6634d02 .av-subheading{\nfont-size:15px;\n}\n<\/style>\n<div  class='av-special-heading av-nmk2-1f08540f1028be137168fc61d6634d02 av-special-heading-h1 blockquote modern-quote  avia-builder-el-1  el_after_av_layerslider  el_before_av_textblock  avia-builder-el-first '><h1 class='av-special-heading-tag'  itemprop=\"headline\"  >WER HOLZ SAGT, MUSS AUCH PFOSER SAGEN<\/h1><div class=\"special-heading-border\"><div class=\"special-heading-inner-border\"><\/div><\/div><\/div>\n<section  class='av_textblock_section av-jlxntfks-cf25e28c8e2fc763ffa76e850bea8e3c'  itemscope=\"itemscope\" itemtype=\"https:\/\/schema.org\/CreativeWork\" ><div class='avia_textblock'  itemprop=\"text\" ><p>Seit rund 70 Jahren bewegt sich unser Denken und Handeln rund um den faszinierenden Werkstoff Holz. Pfoser und Holz bilden eine Verbindung, die von Leidenschaft gepr\u00e4gt ist.<\/p>\n<p>Als Familienbetrieb liegt uns Nachhaltigkeit am Herzen. Sowohl in betrieblicher Hinsicht, als auch auf den Rohstoff Holz bezogen. Treten Sie ein in unsere Welt. Die Holzwelt Pfoser.<\/p>\n<\/div><\/section>\n<\/div><\/div><\/div><!-- close content main div --><\/div><\/div><div id='av_section_1'  class='avia-section av-jlxoobce-9cdfadf9e9b78ffb63e36a92a692a21d main_color avia-section-no-padding avia-no-border-styling  avia-builder-el-3  el_after_av_textblock  el_before_av_section  avia-bg-style-scroll container_wrap fullsize'  ><div class='container av-section-cont-open' ><div class='template-page content  av-content-full alpha units'><div class='post-entry post-entry-type-page post-entry-22'><div class='entry-content-wrapper clearfix'>\n<div class='flex_column_table av-jlxopdh0-3e6feddfd868159bb19950bdfec98059 sc-av_one_fourth av-equal-height-column-flextable'>\n<style type=\"text\/css\" data-created_by=\"avia_inline_auto\" id=\"style-css-av-jlxopdh0-3e6feddfd868159bb19950bdfec98059\">\n.flex_column.av-jlxopdh0-3e6feddfd868159bb19950bdfec98059{\n-webkit-border-radius:0px 0px 0px 0px;\n-moz-border-radius:0px 0px 0px 0px;\nborder-radius:0px 0px 0px 0px;\npadding:0px 2px 0px 0px;\nbackground-color:#ffffff;\n}\n<\/style>\n<div class='flex_column av-jlxopdh0-3e6feddfd868159bb19950bdfec98059 av_one_fourth  avia-builder-el-4  el_before_av_one_fourth  avia-builder-el-first  first no_margin flex_column_table_cell av-equal-height-column av-align-top avia-link-column av-column-link '    data-link-column-url=\"https:\/\/www.holz-pfoser.at\/ulrichsberg\/holz-pfoser\/\"   ><a class=\"av-screen-reader-only\" href=https:\/\/www.holz-pfoser.at\/ulrichsberg\/holz-pfoser\/ >Link zu: holzwelt<\/a><p>\n<style type=\"text\/css\" data-created_by=\"avia_inline_auto\" id=\"style-css-av-jm0a5ldu-77f0663d49183f3a30b93b41a86d63c7\">\n.avia-image-container.av-jm0a5ldu-77f0663d49183f3a30b93b41a86d63c7 img.avia_image{\nbox-shadow:none;\n}\n.avia-image-container.av-jm0a5ldu-77f0663d49183f3a30b93b41a86d63c7 .av-image-caption-overlay-center{\ncolor:#ffffff;\n}\n<\/style>\n<div  class='avia-image-container av-jm0a5ldu-77f0663d49183f3a30b93b41a86d63c7 av-styling- avia-align-center  avia-builder-el-5  el_before_av_textblock  avia-builder-el-first '   itemprop=\"image\" itemscope=\"itemscope\" itemtype=\"https:\/\/schema.org\/ImageObject\" ><div class=\"avia-image-container-inner\"><div class=\"avia-image-overlay-wrap\"><a href=\"https:\/\/www.holz-pfoser.at\/ulrichsberg\/holz-pfoser\/\" class='avia_image' ><img decoding=\"async\" class='wp-image-74 avia-img-lazy-loading-not-74 avia_image ' src=\"https:\/\/www.holz-pfoser.at\/ulrichsberg\/wp-content\/uploads\/2018\/09\/startseite_holzwelt-1.jpg\" alt='' title=''  height=\"450\" width=\"600\"  itemprop=\"thumbnailUrl\" srcset=\"https:\/\/www.holz-pfoser.at\/ulrichsberg\/wp-content\/uploads\/2018\/09\/startseite_holzwelt-1.jpg 600w, https:\/\/www.holz-pfoser.at\/ulrichsberg\/wp-content\/uploads\/2018\/09\/startseite_holzwelt-1-300x225.jpg 300w, https:\/\/www.holz-pfoser.at\/ulrichsberg\/wp-content\/uploads\/2018\/09\/startseite_holzwelt-1-450x338.jpg 450w\" sizes=\"(max-width: 600px) 100vw, 600px\" \/><\/a><\/div><\/div><\/div><br \/>\n\n<style type=\"text\/css\" data-created_by=\"avia_inline_auto\" id=\"style-css-av-jlxpkfb1-f4bcad5fe185729b8b3c2be63d796979\">\n#top .av_textblock_section.av-jlxpkfb1-f4bcad5fe185729b8b3c2be63d796979 .avia_textblock{\nfont-size:13px;\n}\n<\/style>\n<section  class='av_textblock_section av-jlxpkfb1-f4bcad5fe185729b8b3c2be63d796979'  itemscope=\"itemscope\" itemtype=\"https:\/\/schema.org\/CreativeWork\" ><div class='avia_textblock'  itemprop=\"text\" ><h3 style=\"text-align: center;\">HOLZWELT PFOSER<\/h3>\n<p style=\"text-align: center;\">Ob f\u00fcr Gewerbe oder Privat, ob Holzlasur, Terrassenholz oder ein kompletter Dachstuhl. Es mag abgesdroschen klingen, aber uns ist kein Auftag zu gro\u00df und keiner zu klein.<\/p>\n<\/div><\/section><\/p><\/div>\n<style type=\"text\/css\" data-created_by=\"avia_inline_auto\" id=\"style-css-av-jlxove2u-49c9c96f5919bb937cf77f38c0db0c6c\">\n.flex_column.av-jlxove2u-49c9c96f5919bb937cf77f38c0db0c6c{\n-webkit-border-radius:0px 0px 0px 0px;\n-moz-border-radius:0px 0px 0px 0px;\nborder-radius:0px 0px 0px 0px;\npadding:0px 2px 0px 0px;\nbackground-color:rgba(191,129,62,0.23);\n}\n<\/style>\n<div class='flex_column av-jlxove2u-49c9c96f5919bb937cf77f38c0db0c6c av_one_fourth  avia-builder-el-7  el_after_av_one_fourth  el_before_av_one_fourth  no_margin flex_column_table_cell av-equal-height-column av-align-top avia-link-column av-column-link '    data-link-column-url=\"https:\/\/www.holz-pfoser.at\/ulrichsberg\/privat\/\"   ><a class=\"av-screen-reader-only\" href=https:\/\/www.holz-pfoser.at\/ulrichsberg\/privat\/ >Link zu: privat<\/a><p>\n<style type=\"text\/css\" data-created_by=\"avia_inline_auto\" id=\"style-css-av-jm0a5ldu-d399e6abbd820734922647b58fc372e3\">\n.avia-image-container.av-jm0a5ldu-d399e6abbd820734922647b58fc372e3 img.avia_image{\nbox-shadow:none;\n}\n.avia-image-container.av-jm0a5ldu-d399e6abbd820734922647b58fc372e3 .av-image-caption-overlay-center{\ncolor:#ffffff;\n}\n<\/style>\n<div  class='avia-image-container av-jm0a5ldu-d399e6abbd820734922647b58fc372e3 av-styling- avia-align-center  avia-builder-el-8  el_before_av_textblock  avia-builder-el-first '   itemprop=\"image\" itemscope=\"itemscope\" itemtype=\"https:\/\/schema.org\/ImageObject\" ><div class=\"avia-image-container-inner\"><div class=\"avia-image-overlay-wrap\"><a href=\"https:\/\/www.holz-pfoser.at\/ulrichsberg\/privat\/\" class='avia_image' ><img decoding=\"async\" class='wp-image-69 avia-img-lazy-loading-not-69 avia_image ' src=\"https:\/\/www.holz-pfoser.at\/ulrichsberg\/wp-content\/uploads\/2018\/09\/startseite_privat.jpg\" alt='' title=''  height=\"450\" width=\"600\"  itemprop=\"thumbnailUrl\" srcset=\"https:\/\/www.holz-pfoser.at\/ulrichsberg\/wp-content\/uploads\/2018\/09\/startseite_privat.jpg 600w, https:\/\/www.holz-pfoser.at\/ulrichsberg\/wp-content\/uploads\/2018\/09\/startseite_privat-300x225.jpg 300w, https:\/\/www.holz-pfoser.at\/ulrichsberg\/wp-content\/uploads\/2018\/09\/startseite_privat-450x338.jpg 450w\" sizes=\"(max-width: 600px) 100vw, 600px\" \/><\/a><\/div><\/div><\/div><br \/>\n\n<style type=\"text\/css\" data-created_by=\"avia_inline_auto\" id=\"style-css-av-jlxpkfb1-f4bcad5fe185729b8b3c2be63d796979\">\n#top .av_textblock_section.av-jlxpkfb1-f4bcad5fe185729b8b3c2be63d796979 .avia_textblock{\nfont-size:13px;\n}\n<\/style>\n<section  class='av_textblock_section av-jlxpkfb1-f4bcad5fe185729b8b3c2be63d796979'  itemscope=\"itemscope\" itemtype=\"https:\/\/schema.org\/CreativeWork\" ><div class='avia_textblock'  itemprop=\"text\" ><h3 style=\"text-align: center;\">HOLZ F\u00dcR PRIVAT<\/h3>\n<p style=\"text-align: center;\">Holz f\u00fcr den priavaten H\u00e4uslbauer oder Heimwerker &#8211; vom einzelnen Brett, \u00fcber Holzfu\u00dfb\u00f6den und -fassaden, bis hin zu Holz im Garten f\u00fcr Terrassen, Schwimmbadumrahmungen oder Hochbeeten.<\/p>\n<\/div><\/section><\/p><\/div>\n<style type=\"text\/css\" data-created_by=\"avia_inline_auto\" id=\"style-css-av-jlxox2q0-01fff5adf6e5c8f2c1aa200dad3a0ac3\">\n.flex_column.av-jlxox2q0-01fff5adf6e5c8f2c1aa200dad3a0ac3{\n-webkit-border-radius:0px 0px 0px 0px;\n-moz-border-radius:0px 0px 0px 0px;\nborder-radius:0px 0px 0px 0px;\npadding:0px 2px 0px 0px;\nbackground-color:#ffffff;\n}\n<\/style>\n<div class='flex_column av-jlxox2q0-01fff5adf6e5c8f2c1aa200dad3a0ac3 av_one_fourth  avia-builder-el-10  el_after_av_one_fourth  el_before_av_one_fourth  no_margin flex_column_table_cell av-equal-height-column av-align-top avia-link-column av-column-link '    data-link-column-url=\"https:\/\/www.holz-pfoser.at\/ulrichsberg\/gewerbe\/\"   ><a class=\"av-screen-reader-only\" href=https:\/\/www.holz-pfoser.at\/ulrichsberg\/gewerbe\/ >Link zu: gewerbe<\/a><p>\n<style type=\"text\/css\" data-created_by=\"avia_inline_auto\" id=\"style-css-av-jm0a5ldu-0ff958edc914b146e3e464ba9de81ae4\">\n.avia-image-container.av-jm0a5ldu-0ff958edc914b146e3e464ba9de81ae4 img.avia_image{\nbox-shadow:none;\n}\n.avia-image-container.av-jm0a5ldu-0ff958edc914b146e3e464ba9de81ae4 .av-image-caption-overlay-center{\ncolor:#ffffff;\n}\n<\/style>\n<div  class='avia-image-container av-jm0a5ldu-0ff958edc914b146e3e464ba9de81ae4 av-styling- avia-align-center  avia-builder-el-11  el_before_av_textblock  avia-builder-el-first '   itemprop=\"image\" itemscope=\"itemscope\" itemtype=\"https:\/\/schema.org\/ImageObject\" ><div class=\"avia-image-container-inner\"><div class=\"avia-image-overlay-wrap\"><a href=\"https:\/\/www.holz-pfoser.at\/ulrichsberg\/gewerbe\/\" class='avia_image' ><img decoding=\"async\" class='wp-image-72 avia-img-lazy-loading-not-72 avia_image ' src=\"https:\/\/www.holz-pfoser.at\/ulrichsberg\/wp-content\/uploads\/2018\/09\/startseite_gewerbe.jpg\" alt='' title=''  height=\"450\" width=\"600\"  itemprop=\"thumbnailUrl\" srcset=\"https:\/\/www.holz-pfoser.at\/ulrichsberg\/wp-content\/uploads\/2018\/09\/startseite_gewerbe.jpg 600w, https:\/\/www.holz-pfoser.at\/ulrichsberg\/wp-content\/uploads\/2018\/09\/startseite_gewerbe-300x225.jpg 300w, https:\/\/www.holz-pfoser.at\/ulrichsberg\/wp-content\/uploads\/2018\/09\/startseite_gewerbe-450x338.jpg 450w\" sizes=\"(max-width: 600px) 100vw, 600px\" \/><\/a><\/div><\/div><\/div><br \/>\n\n<style type=\"text\/css\" data-created_by=\"avia_inline_auto\" id=\"style-css-av-jlxpkfb1-f4bcad5fe185729b8b3c2be63d796979\">\n#top .av_textblock_section.av-jlxpkfb1-f4bcad5fe185729b8b3c2be63d796979 .avia_textblock{\nfont-size:13px;\n}\n<\/style>\n<section  class='av_textblock_section av-jlxpkfb1-f4bcad5fe185729b8b3c2be63d796979'  itemscope=\"itemscope\" itemtype=\"https:\/\/schema.org\/CreativeWork\" ><div class='avia_textblock'  itemprop=\"text\" ><h3 style=\"text-align: center;\">HOLZ F\u00dcR GEWERBE<\/h3>\n<p style=\"text-align: center;\">F\u00fcr Baumeister, Zimmereibetriebe oder Tischlereien produzieren wir seit Jahrzehnten Schnittholz von hoher Qualit\u00e4t. Wir verstehen uns als Komplettanbieter rund um Holz und haben sicher das passende f\u00fcr Sie.<\/p>\n<\/div><\/section><\/p><\/div>\n<style type=\"text\/css\" data-created_by=\"avia_inline_auto\" id=\"style-css-av-jlxox2q0-39d9b369f798b8216f27a4939245d4b2\">\n.flex_column.av-jlxox2q0-39d9b369f798b8216f27a4939245d4b2{\n-webkit-border-radius:0px 0px 0px 0px;\n-moz-border-radius:0px 0px 0px 0px;\nborder-radius:0px 0px 0px 0px;\npadding:0px 0px 0px 0px;\nbackground-color:rgba(191,129,62,0.23);\n}\n<\/style>\n<div class='flex_column av-jlxox2q0-39d9b369f798b8216f27a4939245d4b2 av_one_fourth  avia-builder-el-13  el_after_av_one_fourth  avia-builder-el-last  no_margin flex_column_table_cell av-equal-height-column av-align-top av-zero-column-padding avia-link-column av-column-link '    data-link-column-url=\"https:\/\/www.holz-pfoser.at\/ulrichsberg\/lohnarbeiten\/\"   ><a class=\"av-screen-reader-only\" href=https:\/\/www.holz-pfoser.at\/ulrichsberg\/lohnarbeiten\/ >Link zu: lohnarbeiten<\/a><p>\n<style type=\"text\/css\" data-created_by=\"avia_inline_auto\" id=\"style-css-av-jm0a5ldu-6c635fc02478ab0721a243d7f0c056e3\">\n.avia-image-container.av-jm0a5ldu-6c635fc02478ab0721a243d7f0c056e3 img.avia_image{\nbox-shadow:none;\n}\n.avia-image-container.av-jm0a5ldu-6c635fc02478ab0721a243d7f0c056e3 .av-image-caption-overlay-center{\ncolor:#ffffff;\n}\n<\/style>\n<div  class='avia-image-container av-jm0a5ldu-6c635fc02478ab0721a243d7f0c056e3 av-styling- avia-align-center  avia-builder-el-14  el_before_av_textblock  avia-builder-el-first '   itemprop=\"image\" itemscope=\"itemscope\" itemtype=\"https:\/\/schema.org\/ImageObject\" ><div class=\"avia-image-container-inner\"><div class=\"avia-image-overlay-wrap\"><a href=\"https:\/\/www.holz-pfoser.at\/ulrichsberg\/lohnarbeiten\/\" class='avia_image' ><img decoding=\"async\" class='wp-image-71 avia-img-lazy-loading-not-71 avia_image ' src=\"https:\/\/www.holz-pfoser.at\/ulrichsberg\/wp-content\/uploads\/2018\/09\/startseite_loharbeit.jpg\" alt='' title=''  height=\"450\" width=\"600\"  itemprop=\"thumbnailUrl\" srcset=\"https:\/\/www.holz-pfoser.at\/ulrichsberg\/wp-content\/uploads\/2018\/09\/startseite_loharbeit.jpg 600w, https:\/\/www.holz-pfoser.at\/ulrichsberg\/wp-content\/uploads\/2018\/09\/startseite_loharbeit-300x225.jpg 300w, https:\/\/www.holz-pfoser.at\/ulrichsberg\/wp-content\/uploads\/2018\/09\/startseite_loharbeit-450x338.jpg 450w\" sizes=\"(max-width: 600px) 100vw, 600px\" \/><\/a><\/div><\/div><\/div><br \/>\n\n<style type=\"text\/css\" data-created_by=\"avia_inline_auto\" id=\"style-css-av-jlxpkfb1-f4bcad5fe185729b8b3c2be63d796979\">\n#top .av_textblock_section.av-jlxpkfb1-f4bcad5fe185729b8b3c2be63d796979 .avia_textblock{\nfont-size:13px;\n}\n<\/style>\n<section  class='av_textblock_section av-jlxpkfb1-f4bcad5fe185729b8b3c2be63d796979'  itemscope=\"itemscope\" itemtype=\"https:\/\/schema.org\/CreativeWork\" ><div class='avia_textblock'  itemprop=\"text\" ><h3 style=\"text-align: center;\">LOHNARBEITEN<\/h3>\n<p style=\"text-align: center;\">Ob Schneiden, Trocknen oder Hobeln. Sie haben das Holz, wir haben das passende &#8218;Werkzeug&#8216;. Gerne erstellen wir Ihnen ein passendes Angebot.<\/p>\n<\/div><\/section><\/p><\/div><\/div><!--close column table wrapper. Autoclose: 1 -->\n\n<\/div><\/div><\/div><!-- close content main div --><\/div><\/div><div id='av_section_2'  class='avia-section av-nm0m-0a06d0ba798886da8e69977ee92bf8f3 main_color avia-section-default avia-no-border-styling  avia-builder-el-16  el_after_av_section  el_before_av_layout_row  avia-bg-style-scroll container_wrap fullsize'  ><div class='container av-section-cont-open' ><div class='template-page content  av-content-full alpha units'><div class='post-entry post-entry-type-page post-entry-22'><div class='entry-content-wrapper clearfix'>\n<\/div><\/div><\/div><!-- close content main div --><\/div><\/div><div id='av-layout-grid-1'  class='av-layout-grid-container av-jm0e74bo-66a45ab7fde35fd6ff0a704d3f789e58 entry-content-wrapper main_color av-flex-cells  avia-builder-el-17  el_after_av_section  avia-builder-el-last  av-cell-min-height av-cell-min-height-25 grid-row-not-first  container_wrap fullsize'   data-av_minimum_height_pc='25'>\n\n<style type=\"text\/css\" data-created_by=\"avia_inline_auto\" id=\"style-css-av-12evy-0ca9f28fb1e655dccb68920a127beb24\">\n.flex_cell.av-12evy-0ca9f28fb1e655dccb68920a127beb24{\nvertical-align:top;\n}\n.responsive #top #wrap_all .flex_cell.av-12evy-0ca9f28fb1e655dccb68920a127beb24{\npadding:0px 0px 0px 0px !important;\n}\n<\/style>\n<div class='flex_cell av-12evy-0ca9f28fb1e655dccb68920a127beb24 av-gridrow-cell av_one_full no_margin  avia-builder-el-18  avia-builder-el-no-sibling  av-zero-padding' ><div class='flex_cell_inner'><div  class='av_gmaps_sc_main_wrap av_gmaps_main_wrap '><div id='av_gmap_0' class='avia-google-map-container avia-google-map-sc av_gmaps_show_unconditionally av-no-fallback-img ' data-mapid='av_gmap_0'  style='height: 400px;'><a class=\"av_gmaps_browser_disabled av_text_confirm_link av_text_confirm_link_visible\" href=\"https:\/\/www.google.com\/maps\/search\/?api=1&#038;query=Hintenberg%2057%204161%20Ulrichsberg%20\u00d6sterreich\" target=\"_blank\" rel=\"noopener\">Aufgrund deiner Datenschutz-Einstellungen k\u00f6nnen wir Ihnen die Karte nicht anzeigen. Klicken Sie hier, um die Karte in einem neuen Fenster zu \u00f6ffnen.<\/a><\/div><\/div>\n<\/div><\/div><\/div>\n","protected":false},"excerpt":{"rendered":"","protected":false},"author":1,"featured_media":0,"parent":0,"menu_order":0,"comment_status":"closed","ping_status":"closed","template":"","meta":{"footnotes":""},"_links":{"self":[{"href":"https:\/\/www.holz-pfoser.at\/ulrichsberg\/wp-json\/wp\/v2\/pages\/22"}],"collection":[{"href":"https:\/\/www.holz-pfoser.at\/ulrichsberg\/wp-json\/wp\/v2\/pages"}],"about":[{"href":"https:\/\/www.holz-pfoser.at\/ulrichsberg\/wp-json\/wp\/v2\/types\/page"}],"author":[{"embeddable":true,"href":"https:\/\/www.holz-pfoser.at\/ulrichsberg\/wp-json\/wp\/v2\/users\/1"}],"replies":[{"embeddable":true,"href":"https:\/\/www.holz-pfoser.at\/ulrichsberg\/wp-json\/wp\/v2\/comments?post=22"}],"version-history":[{"count":65,"href":"https:\/\/www.holz-pfoser.at\/ulrichsberg\/wp-json\/wp\/v2\/pages\/22\/revisions"}],"predecessor-version":[{"id":306,"href":"https:\/\/www.holz-pfoser.at\/ulrichsberg\/wp-json\/wp\/v2\/pages\/22\/revisions\/306"}],"wp:attachment":[{"href":"https:\/\/www.holz-pfoser.at\/ulrichsberg\/wp-json\/wp\/v2\/media?parent=22"}],"curies":[{"name":"wp","href":"https:\/\/api.w.org\/{rel}","templated":true}]}}